. What is the greatest common divisor of h and t?
15
Suppose t + 4*v = 178, -4*t + 4*v - 6*v = -684. Calculate the highest common factor of 10 and t.
10
Let g = 13 - 10. Suppose -4*b - 53 = -g*w, -5 = -w - 3*b - 2*b. Let s = w + -4. What is the greatest common factor of 11 and s?
11
Let m(n) = 4*n**2 + 5*n + 6. Let t be m(-6). Suppose 0 = -5*b - 33 + 348. Let y = -15 + b. Calculate the greatest common factor of t and y.
24
Suppose 53 + 22 = 5*w. Let b be w/45*(1 - -125). Calculate the highest common factor of b and 21.
21
Let z be ((-7843)/(-124))/((-1)/(-1 + -3)). What is the greatest common divisor of z and 115?
23
Let f(a) = 143*a - 710. Let q be f(5). Suppose -3*s = -s + 116. Let y = -33 - s. Calculate the greatest common factor of q and y.
5
Suppose -64*k = -65*k + 14. Let v(h) be the third derivative of -h**4/8 + h**3 + h**2. Let p be v(-5). What is the highest common factor of p and k?
7
Let z = -9 - -11. Let x = 1 - z. Let w be (-2)/((-4)/(-34))*x. What is the highest common divisor of 187 and w?
17
Suppose -1 + 3 = t, -4*t = -4*s + 212. Suppose -3*h - 38 = -2*y, 3*y + 0*h - s = 4*h. Calculate the greatest common factor of y and 39.
13
Let a be 0/(3 + -2) - -253. Let i(g) = 2*g**3 + 6*g**2 - 85. Let c be i(3). What is the highest common divisor of c and a?
23
Let v(f) = -3*f - 15 + 0 - 17 + 0*f. Let q be v(-12). Suppose 2*g = 5*d - 138, 5*d + 2*g - 6*g = 136. Calculate the highest common divisor of q and d.
4
Suppose 3*s + 0*r + 2*r - 56 = 0, -16 = -2*s + 4*r. Let a = s - 14. Let b be (-4)/a + 1*14. Calculate the greatest common factor of 4 and b.
4
Let p = 51 + -41. What is the highest common factor of p and 2?
2
Let x be (-221)/(-4) - 6/(-8). Suppose 3*t - 515 + 95 = 0. Calculate the highest common factor of x and t.
28
Let f be 6/(-3) + 8 + 2 + -7. What is the highest common factor of 8 and f?
1
Let f = 155 + 76. Calculate the greatest common divisor of f and 21.
21
Let v(d) = 20*d - 1. Let p be 11 + 4 + (1 - 9). Let x be 2/p + 297/63. Let o be v(x). What is the highest common factor of 9 and o?
9
Suppose -4*q = -111 - 13. What is the highest common divisor of q and 341?
31
Let i = 461 - 443. Suppose 4*n + 82 = -98. Let j = n - -72. What is the highest common divisor of j and i?
9
Let u be -4*(-3 + 2) + 9. Suppose -3*h = 6, z = -0*z + h + u. Calculate the greatest common factor of z and 121.
11
Let x be 117/12*(0 - -4). What is the greatest common divisor of 507 and x?
39
Suppose 0 = c + 43 - 45. Suppose 1 = j + 5*m + 5, 5*j - 26 = -c*m. Calculate the greatest common factor of j and 33.
3
Let v(w) = 69*w**3 + 2*w**2 + w. Let f be v(1). Calculate the greatest common factor of 8 and f.
8
Let g = 48 - 48. Let l be (-2)/(5/(-115) + g). What is the highest common factor of 115 and l?
23
Let a(q) = q**2 + 4*q - 10. Let b be a(-7). Suppose -b*o = 778 - 2373. Calculate the highest common factor of 58 and o.
29
Suppose -40 - 50 = -5*s. Suppose d = g + s + 14, -4*d + 128 = 4*g. Let t(a) = a**2 - a - 4. Let f be t(4). Calculate the highest common factor of f and d.
8
Let k(l) = l**3 + 5*l**2 - 9*l - 8. Let o be k(-6). Let u(z) = 4*z + 62. Let t be u(12). Calculate the highest common divisor of t and o.
10
Let n be (35*-4)/(-2)*8/(-10). Let k be (2 + n/21)*(-81)/2. What is the greatest common factor of 351 and k?
27
Suppose -2*v = 3*v - 300. Suppose v = -c + 6*c. What is the highest common divisor of c and 12?
12
Let b(g) = -g**3 - 5*g**2 + 14*g + 7. Let o be b(-7). What is the greatest common factor of 9 and o?
1
Let q(b) = -b**2 - 21*b + 8. Let k be q(-21). Let d(v) = v - 1. Let w be d(k). Suppose -398 = -4*u - 90. Calculate the highest common divisor of w and u.
7
Let x be 105/(-70) - 250/(-4). Calculate the highest common divisor of x and 244.
61
Suppose 4*s = 15 + 25. Let k be 594/15 - -4*4/40. Calculate the greatest common factor of s and k.
10
Let b(h) = h**3 + 11*h**2 + 18*h + 5. Let m be b(-9). Suppose -x - 2*d + 37 = -m*d, 5*x - 205 = -5*d. What is the highest common divisor of x and 5?
5
Let t = 208 + 188. Suppose 3*m + m = t. What is the greatest common factor of 11 and m?
11
Let x(l) = l**2 + 19*l - 41. Let a be x(-23). What is the highest common factor of a and 34?
17
Suppose 0 = 4*a - 4, -3*a - 8 = -s + a. Let i be 3 + -4 - 1 - 9. Let l = -8 - i. What is the highest common factor of l and s?
3
Suppose 0 = -2*r - 2*g - g + 614, 0 = -4*g - 8. What is the greatest common divisor of r and 110?
10
Let b = -410 - -422. What is the greatest common divisor of 48 and b?
12
Let x(c) = -19*c + 136. Let r be x(-11). What is the greatest common factor of 15 and r?
15
Suppose 519*w = 524*w - 90. Let a be (-2)/(-3) - (-156)/9. What is the highest common factor of w and a?
18
Let l be (-1)/(1/(-9)) + -1. Let g be (-384)/l*6/(-8). Suppose -g = -4*r + r. Calculate the greatest common factor of r and 132.
12
Suppose 0*p = -4*p + 12. Let s be ((-2)/p)/((-11)/33). Let h be -1 - s/((-4)/38). Calculate the highest common divisor of h and 18.
18
Let i(c) = 24*c**3 - c**2 - 14*c + 15. Let d be i(1). Calculate the greatest common divisor of d and 1272.
24
Suppose 5*h = 4*a - 7*a + 100, 2*a - h - 71 = 0. What is the highest common divisor of 14 and a?
7
Let y be ((-2)/(-5))/(2/10). Let b = -14 + 17. Suppose r - 6 = -b. Calculate the greatest common divisor of y and r.
1
Let z(v) = v**3 + 6*v**2 + 3*v - 7. Let g be z(-5). Suppose 0 = s - g*s + 18. Suppose 98 - 26 = d. Calculate the highest common factor of s and d.
9
Let z = -1028 - -1717. What is the greatest common divisor of z and 13?
13
Suppose 0 = 3*b - 4*h - 263, b - 83 = -5*h + 4*h. What is the highest common divisor of b and 17?
17
Let l = -878 + 905. What is the greatest common divisor of 468 and l?
9
Let p = 901 - 886. Calculate the greatest common divisor of 120 and p.
15
Let h be 1/(2 + -685*7/2401). What is the highest common divisor of 14 and h?
7
Suppose 81 = 5*w - 2*p, 2*p = -0*w - w + 21. Let f be (0 + (-17)/2)*-14. What is the highest common factor of f and w?
17
Suppose -5*c = -j - 104, 17 = c - 5*j + 1. Suppose 2*f - 352 = -4*d - 2*f, 0 = -2*f + 8. Calculate the greatest common factor of d and c.
21
Suppose 1434 = 2*l + 316. Calculate the greatest common divisor of 13 and l.
13
Let j = 4 - 2. Suppose j*s = 12 - 0. Let r be 36/8 - 3/s. What is the highest common factor of 44 and r?
4
Let b be ((-8)/(-6))/(2/9). Suppose -b*a - r + 220 = -a, 3*r = -15. Suppose 27 = -0*p + 3*p. What is the greatest common divisor of p and a?
9
Let j(o) = 28*o - 564. Let u be j(22). What is the highest common divisor of 4 and u?
4
Let k(i) = 2*i + 18. Let f be k(-8). Suppose 2*g - 396 = f*h, -14*h = -3*g - 13*h + 588. Calculate the greatest common divisor of g and 39.
39
Suppose 2*o = 96 - 82. What is the greatest common divisor of o and 161?
7
Suppose 100 = 3*a + 3*g + 2*g, 4*g = -2*a + 64. Suppose -a = -34*h + 26*h. Calculate the highest common factor of 40 and h.
5
Let c be (72 + -16)/(-1 - -3). Suppose 0 = -t + c. Let i be (-35)/(-20)*(26 - 2). Calculate the highest common divisor of i and t.
14
Let b be 4/14 + (-26)/(-7). Let r(h) be the first derivative of -3*h**2 - 32*h + 17. Let f be r(-6). Calculate the highest common factor of f and b.
4
Let i = 50 + -42. Let o be (i - 6) + 8 + (0 - -2). What is the highest common divisor of 2 and o?
2
Suppose -310*c + 9408 = -306*c. What is the highest common divisor of 32 and c?
16
Suppose -3*t + 2*h = 2 - 17, -3*t + 12 = -3*h. Calculate the greatest common factor of 1862 and t.
7
Let q(v) = -20*v - 3. Let u be q(-1). Let n = u + -16. Let i = 16 + -9. What is the greatest common divisor of i and n?
1
Let s(m) = -6*m**2 - 5*m + 2. Let i(u) = 17*u**2 + 15*u - 6. Let a(p) = 3*i(p) + 8*s(p). Let b be a(4). What is the highest common factor of b and 6?
6
Let l = -141 - -330. Suppose 66 = 3*w + 3*d, d + 32 = 2*w - d. Suppose -116 - w = -5*y. Calculate the greatest common factor of l and y.
27
Suppose -5*p - 3*f = -6*f - 492, 3*p - f = 296. Let n = -100 + 111. What is the greatest common divisor of n and p?
11
Let a = 18 + -16. Suppose -7*w + a*w + 65 = 0. Suppose k = -4*t + 14, k = 5*k - 2*t - 110. Calculate the highest common divisor of w and k.
13
Let w = -24 - -40. Suppose 0 = -6*p + 3*f + 57 + 57, -f - 6 = 0. What is the greatest common factor of p and w?
16
Le